513 = 3*b. List the prime factors of b.
229
Let t = 12 - 2. List the prime factors of t.
2, 5
Let q = 274 - 85. List the prime factors of q.
3, 7
List the prime factors of (-58758)/(-147) + 4/14.
2, 5
Let h(k) = -12*k + 2. Let m be h(-2). Suppose -4*l = g + 2 - 4, 0 = -4*g + 2*l + m. Suppose -g*f = -3*f - 30. List the prime factors of f.
2, 5
Suppose 0*l - l + 92 = 3*f, -76 = -3*f - 5*l. List the prime factors of f.
2
Let y(c) = -c - 6. Let p be y(-11). List the prime factors of p/((-5 - -3)/(-2)).
5
Suppose 0 = -u - 0*u + 2. Suppose u*n = -2*n + s + 5, 2*n - 4*s = 6. What are the prime factors of -2*5/(-2) + n?
2, 3
Suppose 0 = -2*m - 8 + 26. Let i = 2 - 10. What are the prime factors of (m/6)/((-6)/i)?
2
List the prime factors of (-789)/(-3) + (-6)/3.
3, 29
Suppose -209 + 59 = -5*b + 3*s, b = -5*s + 30. List the prime factors of b.
2, 3, 5
Let o = -38 + 31. Let h be 9 - (1 - 0 - 3). Let q = h + o. List the prime factors of q.
2
Suppose 2*y - w = 0, -7 = -y - 2*y - 2*w. Suppose -3*j - y = -4. Let k = 8 - j. What are the prime factors of k?
7
Suppose 0 = b - 2*b - n - 5, 3*n = 3*b - 9. What are the prime factors of 1 + b + (4 - 2)?
2
Let w = 19 - 15. What are the prime factors of w?
2
Suppose k = 3*l - 0*l + 6, -4*k - l = -37. Let s(g) = g**2 - 7*g + 7. What are the prime factors of s(k)?
5
Suppose -p + 3*p + 4*h - 208 = 0, -4*h - 342 = -3*p. List the prime factors of (-6)/(-4)*p/15.
11
Let s be 53 + (1 - (0 + -1)). Let b = -1 + 6. Suppose -3*j + 3*u + 2*u = -41, b*u - s = -5*j. List the prime factors of j.
2, 3
Let d(t) = t + 10. Let u be d(-7). Suppose -3*y + 48 = 3*x, 2*y - u*y + 11 = -4*x. List the prime factors of y.
3, 5
Suppose -5*o + 9*o + 5*n - 904 = 0, -2*o = -3*n - 474. What are the prime factors of o?
3, 7, 11
Let p(w) be the third derivative of -w**4/12 + w**3/3 + 3*w**2. List the prime factors of p(-8).
2, 3
Let r(p) = -p + 3. Let z = 7 + -4. Suppose z*i + i = -12. List the prime factors of r(i).
2, 3
Let a(d) = d**2 + 15*d + 22. What are the prime factors of a(-16)?
2, 19
Suppose 7 = 3*s - 17. List the prime factors of s.
2
Suppose a = 4*a. Suppose 2*k + a*k - 30 = 0. List the prime factors of k.
3, 5
Suppose 5*t - 4*g = 36, t + 6*g + 8 = 3*g. Suppose -t*o - o = -4*x - 14, 0 = o - 5*x + 14. List the prime factors of o.
2, 3
Let i = -8 + -9. Let f = i - -29. List the prime factors of f.
2, 3
Suppose -11*x + 6*x = -160. Suppose -4*h = -20, 30 = -k + 6*k - 2*h. What are the prime factors of ((-6)/k)/((-4)/x)?
2, 3
List the prime factors of (-102 - 2)*(-4 - -5)/(-1).
2, 13
Let m be ((-4)/10)/((-2)/20). Let f be m/(-8) + 37/2. Suppose -24 = -4*z - 2*l, 0*z + 2*l = 2*z - f. What are the prime factors of z?
7
Let v(p) = 4*p**2 - p - 6. List the prime factors of v(4).
2, 3
Suppose -7*j - 110 = -9*j. What are the prime factors of j?
5, 11
Let g be (-3 + 2)/((-2)/(-14)). Let y = 14 + g. List the prime factors of y.
7
Suppose 2*n = 11 - 1. Suppose -3*d = 5*i - 4*d - 30, -25 = -n*i + 2*d. List the prime factors of i.
7
Let t(b) = 2*b - 5. Let q be t(4). Let c(v) = -2 + 4*v**2 + 2*v + 3*v**2 + v**3 - 10*v**2. List the prime factors of c(q).
2
Suppose -5*f = -4*f + 14. Let y = 36 + f. List the prime factors of y.
2, 11
Let x = -108 + 160. Suppose c - x = -7. Suppose -c = -4*h - h. What are the prime factors of h?
3
Let d = 2 - 2. Suppose -b + 4*g - 11 - 9 = 0, 5*b = -3*g - 8. Let f = d - b. List the prime factors of f.
2
Suppose 0 = t - 2*p - 11, 2*p - 4*p - 22 = -2*t. Suppose -d = 3 - t. List the prime factors of d.
2
Suppose -3*v + 64 = 2*i, 0 = -v - 0*v + 4*i - 2. Let p = v + -14. What are the prime factors of p?
2
Suppose 142 = 2*q - 2. List the prime factors of q.
2, 3
Let p be (20/3)/((-14)/(-105)). Suppose -j = 4*j - p. What are the prime factors of j?
2, 5
Let a = -4 - -3. Let b be -3 + a*(0 + -1). What are the prime factors of 2/((-10)/(-4) + b)?
2
Let g = -12 - -17. Suppose -g*k = -h + 17, -2*k = -3*h + k + 15. Suppose -h*r + 5*w = -16, -r = 5*w - w - 8. List the prime factors of r.
2
Let y = -4 - -5. Let t be (-2)/(y - 0) + 2. Suppose 0 = -4*h + 5*g + 5, 0 = -5*h + 4*g - t*g + 13. What are the prime factors of h?
5
Suppose -5*v = -9*v + 12. Let d(t) = 8*t + 7. List the prime factors of d(v).
31
Let z(f) = -f**2 - 17*f - 34. What are the prime factors of z(-14)?
2
Let m(l) = l**3 + 3*l**2 + 3*l + 3. Let x be m(-3). Let u = 12 + x. What are the prime factors of u?
2, 3
Let m(p) = 4*p**2 - 3*p - 4. List the prime factors of m(-3).
41
Let a(f) = f**3 + 4*f**2 - f - 2. Let q be a(-4). Suppose -q = g - 4*d + 11, -2*d = g + 13. Let s = -9 - g. List the prime factors of s.
2
Let y be (7 + -1)*3/6. Suppose 17 = -y*j + 62. What are the prime factors of j?
3, 5
Suppose c + c = 22. Let q(r) = r + 2. Let h be q(-8). Let s = c + h. List the prime factors of s.
5
Suppose 0*c - 4 = -4*c. Let d(x) = -x**3 - x**2 + x - 1. Let l(r) = 2*r**3 + 6*r**2 - 8*r - 3. Let m(z) = c*d(z) + l(z). List the prime factors of m(-6).
2
Let i(j) = j + 3. Let p(t) = -t - 2. Let l(v) = 2*i(v) + 3*p(v). What are the prime factors of l(-7)?
7
Suppose -6 = -3*r + 3. Suppose 5*s = r*s + 40. List the prime factors of s.
2, 5
Suppose 0*x - 1285 = -5*x. What are the prime factors of x?
257
Suppose -10 = -3*u - 1. What are the prime factors of u/(-3)*1 + 17?
2
Let q = -4 + 1. Let c be 1/q + 125/15. Suppose -b + y + 2 = 0, -4*b + 0*y = 3*y - c. What are the prime factors of b?
2
Suppose -2*w + 165 = 3*w. Let i be (-3)/(w/(-24) - -1). Suppose -i = -5*x + 12. What are the prime factors of x?
2
Let a(m) = 3*m - 5*m + 0*m + 0*m. List the prime factors of a(-2).
2
Let t(m) = m**2 + 7*m - 4. List the prime factors of t(-11).
2, 5
Let p(o) = 3*o - 9. Let g be (-8)/((-2)/(-4)*-2). Let s be p(g). Suppose -s = 3*u - 48. What are the prime factors of u?
11
Suppose 3*q + 364 = -n, -3*q - 243 = -q + n. List the prime factors of 22/q - (-354)/11.
2
Suppose z = 4*z - 129. List the prime factors of z.
43
What are the prime factors of (-3)/((-6)/104) + (9 - 7)?
2, 3
Suppose -7 = -o - 2*n + 8, 2*n = 5*o - 15. Suppose 5*y = x - 11 + 69, o*x - 70 = -5*y. What are the prime factors of y?
2, 3
Suppose -4*i + 23 = -25. Suppose n - 49 = -3*k, 3*k - 228 - 29 = -5*n. Suppose n = 3*x - 4*y, 4*x + 3*y - i = 2*x. What are the prime factors of x?
2, 3
Suppose -3*u + 0*u + 68 = 2*v, -87 = -3*v + 3*u. Let n = 51 - v. What are the prime factors of n?
2, 5
Let i(y) = -y**2 - 4*y - 3. Let a be i(-2). Let o be -1*4/a + 2. Let v = o - -4. What are the prime factors of v?
2
What are the prime factors of (-3765)/(-35) + (-10)/(-7) + -1?
2, 3
Let o be 3*(2 - 1)*1. Let i = o + 0. Suppose -6 = -d + 3*s, i*d + 8*s = 3*s + 32. List the prime factors of d.
3
List the prime factors of (-11)/(-1) + (-2 - 2/1).
7
Let o be 1/5 - 6/5. Let d be (1*(1 + -3))/(-1). What are the prime factors of 10/d - o/(-1)?
2
Suppose 1 = 5*x - 9. Suppose -52 = -2*l + 4*m, -l - 5*m = -x*l + 17. List the prime factors of l.
2
Suppose 5*m + 3*h + 317 = 0, -3*h = 4*m - 15 + 271. Let y = -100 - m. Let t = y - -56. What are the prime factors of t?
17
What are the prime factors of 2/(-2) + 18 + 4?
3, 7
Suppose 9 = 4*w + 1. Suppose 3*l - w*l = 0. Suppose v - 3*c + 3 = l, -5*v = 2*c + 3*c - 65. List the prime factors of v.
3
Suppose 1 = 3*u - 206. List the prime factors of u.
3, 23
Let t be -2 + 171*6/9. Suppose -4*j - 43 = -2*k + 3, 4*k - 3*j = t. List the prime factors of k.
31
Suppose 11*h - 8*h + 12 = 0. Let s(p) = -3*p + 6. List the prime factors of s(h).
2, 3
Let y(z) = 2*z**2 + 5*z - 24. What are the prime factors of y(7)?
109
Let p = -1 - -3. Suppose -2*c - 4*a = p*c - 32, -5 = 5*a. What are the prime factors of c?
3
Let v = -3 + 7. Suppose 8 = 2*r - 0*r + 4*w, -4*r = 4*w - v. What are the prime factors of 8/((-1)/(r/4))?
2
Let d(c) be the third derivative of -c**4/4 - 5*c**3/6 - c**2. List the prime factors of d(-4).
19
Let l = 8 - 14. Let o = l + 4. List the prime factors of (24/20)/(o/(-5)).
3
Suppose 41*q - 39*q = 290. List the prime factors of q.
5, 29
Let j(y) = -y**2 - 4*y + 5. Let r be j(-5). Suppose 0 = 3*t + 4*s + 3 - 1, r = -2*t + s + 6. Suppose t*u - 3 = 15. What are the prime factors of u?
3
Let c = 60 - 36. Suppose -l + c = l. List the prime factors of l.
2, 3
Let o = -15 - -11. Let k = 8 + o. What are the prime factors of 141